-4*(-12)/16)/(-1). Calculate z(v).
-7
Let u(o) = 7*o - 8. Let d be u(11). Suppose a = 4*k + 53, 8*k = 3*k + 4*a - d. Let t = -15 - k. Let x(m) = m**2 - 2*m + 1. Give x(t).
9
Suppose -2*l - 16 = 4*a, 2*l + 45 = a + 19. Let k(b) = -b + 3. Give k(l).
15
Suppose -535 = -2*n + 15. Let q = -273 + n. Let h(y) be the third derivative of y**4/24 - y**2. What is h(q)?
2
Let f(g) = 2*g**2 - 2*g + 3. Let n(t) = -t**2 - 28*t - 190. Let l be n(-12). Give f(l).
7
Let a be 25/(-5)*2/(-5). Suppose -5*n - 28 + 72 = a*y, -5*y = -3*n + 14. Suppose 0 = 4*f - 4, 3*m + f - 5 = n. Let g(w) = w**2 - 7*w + 3. What is g(m)?
-9
Let h(i) be the second derivative of i**5/20 + 3*i**4/4 - i**3/3 - 4*i**2 + 10*i. Suppose -6*v = 2 + 52. What is h(v)?
10
Let m(a) = 5*a**2 - 4*a + 8. Let s be m(0). Let w(f) = -f**3 + 7*f**2 + 7*f + 1. Calculate w(s).
-7
Let j(b) = 23*b**3 - 20*b**2 - 12*b + 9. Let k(c) be the first derivative of 2*c**4 - 7*c**3/3 - 2*c**2 + 3*c - 1. Let p(w) = -6*j(w) + 17*k(w). Give p(2).
-7
Let w be 1*-1*(-1 - -8). Let g(k) = 7*k**2 + 12*k - 46. Let z(j) = -j**2 - j + 6. Let b(l) = g(l) + 6*z(l). What is b(w)?
-3
Let b(u) be the first derivative of -u**2/2 - 6*u + 73. Let m = 13 + -18. What is b(m)?
-1
Let s(r) = 120*r**3 - 2 - r - 131*r**3 + 3*r**2 - 2*r**2. Determine s(-1).
11
Let g(f) = f + 1. Let u(o) = -4*o - 22. Let k(n) = -6*g(n) - u(n). Determine k(5).
6
Let w be 3*((-1)/1 + 3). Let i(c) = -1 + 7*c + w*c**2 - 4*c**3 + 3*c**3 - 3*c + 3*c. Let h be (1/2)/(1/14). What is i(h)?
-1
Let v(p) = -124*p - 3 + 126*p - 4. Give v(-6).
-19
Let w(c) = 5*c**2 + 16*c + 11. Let m(d) = -4*d**2 - 16*d - 9. Let g(r) = -3*m(r) - 2*w(r). Calculate g(-7).
-9
Let j(b) = b**2 - 7*b + 1. Let a(i) = -7*i. Let d be a(-3). Let x = 1 + 3. Suppose p = x*p - d. Determine j(p).
1
Let w(s) = s**3 - 2*s**2 - 4*s + 2. Let z(x) = x**2 + 10*x - 27. Let p be z(-12). Let l(j) = -2*j - 3. Let r be l(p). What is w(r)?
-1
Suppose 2*m = 3*j + 31, j + 30 = -2*j + 3*m. Let r(g) = 10 + 11*g**3 + 161*g**2 - 171*g**2 + 2 - 12*g**3 + 12*g. Determine r(j).
1
Let u(v) = -v**3 - 5*v**2 - 6*v - 6. Let b = 69 + -43. Let s = 22 - b. What is u(s)?
2
Let p(b) = b**2 + 4*b + 3. Let r be p(-4). Suppose -r*d = 5*d - 24. Let h(v) = 4*v - 1. What is h(d)?
11
Let q(l) = l**2 - 6*l - 1. Let z(n) = 5*n**2 - 31*n - 4. Let k(t) = -11*q(t) + 2*z(t). Determine k(5).
-2
Let v be (-16)/12*6/(-4). Let o(q) = -197 + 2*q + 26*q**2 - 27*q**2 - 199 + 394. Calculate o(v).
-2
Let l = 1435/5772 + 2/1443. Let o(m) be the first derivative of 9 - 3*m**2 - l*m**4 + 2*m**3 + m. Give o(5).
-4
Let c(y) = 6*y**3 + 2*y**2 + y. Let r = 254 - 255. What is c(r)?
-5
Let v(b) = 6*b - 2*b**2 - 2 - 10*b - b**2. Let k(h) = -7 + 24 - 14 + 5*h + 4*h**2. Let j(y) = 2*k(y) + 3*v(y). Give j(-4).
-8
Let h(u) = u**3 + 4*u**2 - 7*u - 1. Let i(s) = 4*s - 77. Let d be i(18). Calculate h(d).
9
Let v(z) be the third derivative of -z**4/24 + 11*z**3/6 - 2*z**2 + 288. What is v(7)?
4
Suppose 0*n + 5*k + 66 = n, -4*k + 243 = 5*n. Suppose -5*r - l = -29, 0*l + 2 = -2*r + 3*l. Let a(b) = r - n*b + 0 + 50*b. Determine a(6).
-1
Let y be (-86)/(-6) + -5*(-4)/(-60). Let o(n) = n - 8. Calculate o(y).
6
Let x(c) = -3*c**2 + 0 + c**3 + 0 - 6*c. Suppose -4*q + 26 = -2*b, 0 = q + 2*b + 89 - 88. Determine x(q).
20
Suppose 56 = -2*x + 16*x. Let m(s) = s**2 + s**3 - 5*s**2 + 0*s**2 - 6*s + 5*s. Give m(x).
-4
Let y be (-36)/15*100/30. Let n(p) = p**2 + 7*p - 2. Calculate n(y).
6
Let v(p) be the first derivative of -8*p - 1 + 2*p**3 + 11*p - 4*p. Calculate v(1).
5
Let t(x) = -3 + 3*x + 2*x - 2. Let s be 1 + -9 + (-39)/3 + 26. Give t(s).
20
Let u(j) = j**3 + 7*j**2 + j + 12. Let b be u(-7). Let f(o) = 16 - 32 - o + 14. What is f(b)?
-7
Let u(d) = 11*d**3 + 15*d**2 + 9*d + 21. Let g(z) = 4*z**3 + 5*z**2 + 3*z + 7. Let c(i) = 8*g(i) - 3*u(i). Calculate c(-5).
8
Let k(b) be the second derivative of 0 - 2*b + 5/6*b**3 + 9/2*b**2 + 1/12*b**4. Determine k(-7).
23
Let w(p) = p - 4. Let k(o) = 1. Let n(g) = 6*k(g) + w(g). Calculate n(-5).
-3
Let d(z) = 5*z + 60. Let r be d(-13). Let i(t) = -4*t**2 + 14*t - 13. Let a(c) = -6*c**2 + 21*c - 20. Let y(g) = r*a(g) + 8*i(g). Calculate y(4).
-8
Suppose -15 = 3*j + 3*a, -2*a - 10 = -j - 2*j. Suppose -2*w - 23 = -j*w + 5*s, 13 = -2*w - 3*s. Suppose 2*t - t - w = 0. Let c(l) = 7*l. Determine c(t).
7
Let g(f) = -13*f**3 + f**2 - 6*f + 18. Let p(s) = -11*s**3 - 5*s + 17. Let x(c) = 6*g(c) - 7*p(c). Give x(5).
9
Suppose 5*x - 7 - 5 = 2*f, 7 = 2*x - 3*f. Let u(p) = -2*p + 7 - x*p**2 - 2 - 2 + 3*p**2. Let l be (-3 - -2)*1*-3. Give u(l).
6
Let z(r) = -r**3 + 8*r**2 - 2*r + 2. Let h(q) = -4*q**2 + 176*q - 165. Let d be h(43). What is z(d)?
37
Let a(v) = -v - 8. Let c be (-6)/33 + 4 + 9/(-11). Suppose -l + c = 11. Give a(l).
0
Suppose -5*l - h = 1, -6*l = -4*l - h - 1. Let b(c) = c - 3. Let y be b(l). Let z be y/2*68/51. Let x(r) = r - 2. Give x(z).
-4
Let q(d) = -d**2. Suppose p - l - 12 = 0, -3 = -2*p - 2*p - 5*l. Suppose 3*r + 3*z - 1 = -p, -4*r - z = 8. Determine q(r).
-4
Let w be (2/(-5))/((-2)/(-30)). Let q(x) = 2*x**3 + 21*x**2 - 10. Let a(z) = z**3 + 10*z**2 - 5. Let m(u) = 9*a(u) - 4*q(u). Calculate m(w).
-5
Let p(q) = 8 + q**2 - 4*q + 10*q + 0*q - 7*q. Let v = 150 + -150. Calculate p(v).
8
Let m(w) = 6*w - 3*w + 9*w - 2*w + 15 + w**2. What is m(-10)?
15
Suppose -34*r + 41*r = -7. Let n(t) = -t + 2. Calculate n(r).
3
Suppose -d = 5*t + 18, 3*t - 3*d + 3 = -d. Let b(u) = -u**3 - 3*u**2 - u + 2. Calculate b(t).
5
Let p(q) = -2*q + 7. Suppose z - 4 = 0, 5*u + 27 = 4*u + 4*z. Let r = u + 19. Give p(r).
-9
Suppose 28 = 16*t - 20*t + 4*a, 2*a + 35 = -5*t. Let l(f) = f**2 - 2*f - 6. Give l(t).
57
Let t(i) = -i**3 + 8*i**2 - 2*i - 8. Suppose 22*g = -7*g + 232. Determine t(g).
-24
Let g(q) = q**2 + 3*q - 3. Let t be g(-5). Suppose 3*a - 4*a - t = 0. Let b(i) = i**2 + 6*i. What is b(a)?
7
Let x(i) be the third derivative of -1/12*i**4 + 16*i**2 + 1/3*i**3 + 1/60*i**5 + 0*i + 0. Calculate x(3).
5
Suppose 6*a + 36 = 10*a. Let j be (a/18)/(2/8). Let w(o) = -9*o**2 - 3 + 13*o + 8*o**j - 4*o - 4. Determine w(7).
7
Let l(j) be the first derivative of -j**3/3 - 3*j**2 - 4. Determine l(-6).
0
Let i(h) be the first derivative of 4*h**3/3 + h - 143. Determine i(1).
5
Let k(h) be the third derivative of h**6/90 - h**5/60 - h**4/24 - 5*h**3/3 - 3*h**2. Let t(n) be the first derivative of k(n). Calculate t(-1).
5
Let n(i) = i + 6. Let j = -18 + 21. Suppose 0*a = j*r + 3*a - 21, -14 = -2*r - 3*a. What is n(r)?
13
Let p(v) = 2*v - 2. Suppose 6*d = -5*l + 2*d + 6, 0 = 5*l + 5*d - 10. What is p(l)?
-6
Suppose -16 + 61 = 5*g. Suppose 3*l + 0*a + 4*a = -14, 2*l - 4*a - 24 = 0. Let j(b) = -10*b + 9*b - 9 - b**l + 11*b. What is j(g)?
0
Let l(s) = -s + 8. Let w = 255 - 251. Determine l(w).
4
Suppose -3*h - 5 = 17*j - 12*j, 3 = 4*h - 3*j. Let c(a) be the second derivative of 2*a + 1/6*a**3 + h + 2*a**2. Give c(-8).
-4
Let v be (-4 + (-76)/(-16))*4/18. Let k(m) be the third derivative of -2*m**2 - v*m**3 + 0 + 1/10*m**5 + 0*m**4 + 0*m. Calculate k(1).
5
Let g(l) be the second derivative of -2*l**5/15 + l**4/12 - l**3/6 + 9*l**2/2 + 16*l. Let c(k) be the first derivative of g(k). Give c(1).
-7
Let p = -1 + 3. Let g be (-36)/9*2/(-2). Let i(f) = g - 2*f**2 + 2 - 6. What is i(p)?
-8
Let d(o) be the third derivative of -o**5/60 + o**4/3 + 5*o**3/6 + 3*o**2. Suppose 10 = 5*t - 0*t. Suppose -t*j - 2 = v - 21, j - 50 = -5*v. What is d(v)?
-4
Let s(n) = 12*n**2 - 7*n + 3. Let h = -9 - -14. Let v(b) = -7*b**2 + 3*b - 1. Let z(m) = h*v(m) + 3*s(m). Calculate z(6).
4
Let g(l) = l + 3. Let r be 3/((-9)/(-3))*-4. Calculate g(r).
-1
Suppose -10 = h - 3*h - 4*s, 0 = -s. Suppose 0*y = -5*y - 5, 31 = h*f - y. Let w(r) = 7*r + 8. Let g(m) = 8*m + 9. Let u(o) = -5*g(o) + 6*w(o). Determine u(f).
15
Let x(y) = y**3 - 11*y**2 + 25*y + 24. Let q be x(7). Let i(l) be the third derivative of l**2 + 1/3*l**3 + 1/8*l**4 + 0 - 1/60*l**5 + 0*l. Calculate i(q).
2
Let n(f) = f**2 - 3*f - 3. Suppose -4*i + 24 = -12. Let v = i + -8. Suppose -13 + v = -4*w. What is n(w)?
-3
Let c(t) = -4 - 1 + 5 + 16*t + 10*t - 1. Determine c(-1).
-27
Let t(i) = 3*i**2 + 8. Let u(w) = 10*w**2 + 26. Let b(x) = -7*t(x) + 2*u(x). What is b(-3)?
-13
Let b(o) = -o**3 + 10*o**2 - 7*o - 12. Let u be b(9). Suppose 0*y + 3*y - u = 0